.
3, 7, 19
List the prime factors of ((-140)/(-21))/10*2085/2.
5, 139
Let v = -15 - 33. Let o = 330 + v. What are the prime factors of o?
2, 3, 47
Let l = 508 + 1422. What are the prime factors of l?
2, 5, 193
Let s be (-226)/4*(-1 + -3). Suppose 2*k = -u + 3*u - 98, 2*k = -4*u + s. What are the prime factors of u?
2, 3
Let n(h) = h**2 - h - 7. Let a be n(4). Suppose -a*v = -0*v - 265. List the prime factors of v.
53
Let c be (-165)/(-6) - 5/(-10). Suppose 2*t = 5*o - c, 4*o = 5*o - 2*t - 12. Suppose -o*h + 6*d = 3*d - 133, -5*h - 2*d = -172. What are the prime factors of h?
2, 17
Let d(r) = 6*r**2 - 4 - 61*r - 2*r**2 + 53*r. Let a be d(5). Suppose -2*q = -0*q + 2*c - 56, -2*q + a = -5*c. What are the prime factors of q?
2, 7
Let l(p) = -2*p + 1. Let h be l(-5). Suppose 2*x + 0*x - 3*a = -3, -5*x = -5*a. Suppose -x*b + 31 = -h. What are the prime factors of b?
2, 7
List the prime factors of (-11)/55 - 2401/(-5).
2, 3, 5
Let b(z) = -84*z + 25. Let f be b(-4). Let w = 530 - f. List the prime factors of w.
13
Suppose 3*w - 2*w - 1 = 0. What are the prime factors of w*(-3 - 1 - -7)?
3
Suppose 7*r - 9*r - 432 = 0. Let h = -117 - r. List the prime factors of (-4)/18 + 2497/h.
5
Let k = -719 + 1241. What are the prime factors of k?
2, 3, 29
Suppose w + w = 126. Suppose d + w = 5*l, -7*l + 57 = -2*l + d. What are the prime factors of (-3)/(-9) - (-116)/l?
2, 5
Suppose -4*z + 19 = -13. Suppose 468 = z*c - 212. What are the prime factors of c?
5, 17
Let d(o) be the second derivative of 17*o**3/3 - o**2 - 28*o. What are the prime factors of d(5)?
2, 3, 7
Let a(g) = g**2 - 13*g + 15. Let k be a(12). What are the prime factors of (454/k - 2) + (-28)/(-42)?
2, 3, 5
Suppose 2818 = 3*r - 2249. What are the prime factors of r?
3, 563
Suppose 4*m = 5 - 1. Let s be 3/(-6)*m*0. Suppose -2*z = -s*z - 4*k - 24, 2*k = -4. What are the prime factors of z?
2
Suppose -21*z - 2*z = -8648. List the prime factors of z.
2, 47
Let l(b) = -8*b - 22. What are the prime factors of l(-14)?
2, 3, 5
Suppose -4*h + 4*n = 724, -730 = 4*h - 11*n + 9*n. Suppose 2*a + 3*t = 2*t - 262, -3*a - 396 = 3*t. Let s = a - h. What are the prime factors of s?
2, 3
Suppose 0 = 4*v - 6 - 6. Suppose 34 = v*d + 13. Let b(l) = l**2 - 2*l + 8. What are the prime factors of b(d)?
43
List the prime factors of (-14 - 1)*(-500)/(9 - 4).
2, 3, 5
Let j = -5700 - -9577. What are the prime factors of j?
3877
Let b = -603 - -868. What are the prime factors of b?
5, 53
Suppose -4 = -2*g - 0*g, 0 = -f - 4*g + 13. Suppose -6*h - f*i + 325 = -3*h, -3 = 3*i. What are the prime factors of h?
2, 5, 11
Suppose 0 = -3*y - 3*s, 4*y + 3 = -0*y - s. Let h(p) = -15*p - 3. List the prime factors of h(y).
2, 3
Suppose 3*n - 1393 = 4*o, n - 5*o - 117 - 362 = 0. List the prime factors of n.
3, 17
Let c be ((-28 - -4) + 3)*-1. Let t = c - 22. What are the prime factors of 18 + t + (-9 - -5)?
13
What are the prime factors of 77660/176 - 1/4?
3, 7
Suppose -s + 3933 = 670. What are the prime factors of s?
13, 251
Suppose -y = -73 - 51. Suppose 2*g = 4*x - 480, -x + g = 4 - y. List the prime factors of x.
2, 3, 5
Suppose 0*u + 60 = -5*u. Let b be 8/u + 66/(-9). Let w = b + 33. What are the prime factors of w?
5
Suppose 2*l - 12 + 4 = 0. Suppose -l*k - n + 147 = 2*n, -5*n + 24 = k. List the prime factors of k.
3, 13
Let q be 2/(-4) - 393/(-2). Let c = q + -113. Suppose 10 = 4*m - 4*w - 34, -5*m + c = 2*w. List the prime factors of m.
3, 5
Suppose 3*l - 43 = 359. List the prime factors of l.
2, 67
List the prime factors of -1142*205/(-90) - (-4)/(-18).
3, 17
Suppose 4*b - 3*g + g - 4740 = 0, b + 2*g - 1195 = 0. What are the prime factors of b?
1187
Suppose -4*x - 2*a + a = -4, x = 2*a + 10. Suppose w + i = -x*i + 94, 0 = 3*w + 3*i - 264. What are the prime factors of w?
5, 17
Suppose 4*p - 3*p + 4 = 0. Let l = p + 22. List the prime factors of l.
2, 3
Let z(s) = s**3 - 6*s**2 - 14. Let p be (16/(-12))/2 + 23/3. What are the prime factors of z(p)?
5, 7
Let f = -65 - -89. List the prime factors of 6*(-6)/f*(-350)/3.
5, 7
Suppose -2*f = 4, -6*f = -4*r - 8*f + 3228. What are the prime factors of r?
2, 101
Let u = 2488 + -1457. What are the prime factors of u?
1031
Suppose 757 = 4*d - 607. What are the prime factors of d?
11, 31
Let a = 217 - 185. List the prime factors of a.
2
List the prime factors of (0 - -79)/(-4 + (-290)/(-70)).
7, 79
Suppose 0 = -16*p + p + 6615. List the prime factors of p.
3, 7
Let t be (-10)/(-30) + -5*(-4)/(-6). Let h(d) = -20*d - 3 - 1 - 4. What are the prime factors of h(t)?
2, 13
Let a be 9/3 + (-2 - -3)*17. Suppose 4*w = -a, -664 = -4*f + 5*w - 15. List the prime factors of f.
2, 3, 13
Let s be 7 - (0 - -3 - 2). Let c = 6 - s. Suppose 3*n = 3*b - 3, c = -0*b + 2*b - 5*n + 4. What are the prime factors of b?
3
Let k(h) be the third derivative of -h**6/120 + 2*h**5/15 - h**4/12 + h**3/6 - 56*h**2. Let w(r) = -3*r - 5. Let n be w(-4). What are the prime factors of k(n)?
2, 3
Let c(i) be the first derivative of 11*i**2/2 + 5*i + 25. What are the prime factors of c(13)?
2, 37
Suppose t + 2 = -4*l, 3*t + l = -2*l + 3. Let z(r) = 12*r - 9. List the prime factors of z(t).
3, 5
Let u(b) = 4*b**2 - 9. Let p be u(-4). Let d be p/22 + (-2)/(-4). Suppose d*s - 105 = -2*a - 3*a, 0 = -2*s - 2*a + 74. What are the prime factors of s?
2, 5
Suppose -3*t - 2*l + 551 = 0, 2*l + 104 + 270 = 2*t. Let s = t - 118. List the prime factors of s.
67
Suppose i = -2*s + 24, -s + 4*s + 4*i = 41. Suppose -6*k = -s*k. Suppose -3*v + 2*u = -k*v - 182, -u + 59 = v. What are the prime factors of v?
2, 3, 5
Let q = -1055 - -2709. List the prime factors of q.
2, 827
Let f(q) be the second derivative of 25*q**4/24 + q**3/2 + 15*q**2/2 + 7*q. Let y(s) be the first derivative of f(s). What are the prime factors of y(1)?
2, 7
Let a(t) = 9*t + 1. Let c be a(1). Let w(x) = -8 + 6 - 5*x - 11 + 8*x. What are the prime factors of w(c)?
17
Let n(t) = 8 - 11*t + 0 + 1. Let o be n(-6). Let w = -32 + o. What are the prime factors of w?
43
List the prime factors of (-36)/((-308)/(-52) - 6).
2, 3, 13
Suppose 6*y - 513 = -3*y. Let h = 155 + y. What are the prime factors of h?
2, 53
Suppose 3*v - p + 11263 = 7*v, -2*v + p + 5639 = 0. What are the prime factors of v?
3, 313
Let h be 76 - 2*(-5 - -3). Suppose -4*n + 34 = 2*q - h, -2*q = -2*n - 120. What are the prime factors of q?
59
Let x = 1175 + -750. Let z = -244 + x. What are the prime factors of z?
181
Let z = -6 - -7. Suppose 5*o = 3*m - z, 6*o - 2*o + 23 = -5*m. What are the prime factors of o*-7*(-12)/(-8)?
3, 7
Let t(o) = 5*o**2 + o - 52. List the prime factors of t(-10).
2, 3, 73
Suppose -81 = -2*b - b. Suppose -5*d + 2*y - 25 = 0, 4*d - y + 9 = -8. Let i = b + d. What are the prime factors of i?
2, 3
Suppose 3*u = -62*u + 199095. What are the prime factors of u?
3, 1021
Let c be -8 + -4 + -1 + 3. Let d = c + 4. What are the prime factors of ((-2)/d)/((-1)/(-75))?
5
Suppose -11*m + 7*m = 12. List the prime factors of (m + 2)/(1/(-29)).
29
Let j(m) = 2*m**2 - 3*m - 3. Let b(t) = t**2 + 9*t + 11. Let k be b(-8). Suppose 0*w + 15 = -3*w, 0 = k*s - w - 17. List the prime factors of j(s).
17
Let y be (2150/6)/((-13)/(-39)). Suppose 5*c - 677 = -3*b + c, 5*b - 4*c - y = 0. List the prime factors of b.
3, 73
Suppose 0 = b + 3*u - 241, -4*b + 3*b + 273 = -5*u. Suppose 6*w + 2*t - b = 3*w, -164 = -2*w + t. List the prime factors of w.
83
Suppose -x + 33 = -9. Suppose -x = -11*v - 3*v. List the prime factors of v.
3
Suppose 2*j - 48462 = -39*j. List the prime factors of j.
2, 3, 197
Suppose 0*i = -i + 4*p - 4, -3*p + 13 = -2*i. Let m = -51 + 76. Let h = m + i. What are the prime factors of h?
17
Suppose -i - 2*i = -153. Let l = -78 - -99. Let a = i - l. List the prime factors of a.
2, 3, 5
Let f(q) = 5*q + 61. Let r(d) = -2*d - 30. Let k(z) = -3*f(z) - 5*r(z). List the prime factors of k(-12).
3
What are the prime factors of ((-621)/3 + 2)*-1?
5, 41
Let l = 1253 - 898. List the prime factors of l.
5, 71
Let i = -29 - -70. List the prime factors of i.
41
Let o be (-1 - -8 - -4) + -4. Suppose -1 + o = 2*z, -102 = -3*k + 5*z. What are the prime factors of k?
3, 13
Let q = -36 + 21. Let b be 4/(-30) + (-32)/q. Suppose 0*d - 5*j = d - 47, -b*d = -3*j - 81. List the prime factors of d.
2, 3, 7
Suppose 550 = -10*